 7*y - 2*y**j + 4*y**3 + 6*y**2 + 5 - y**3. Calculate m(-5).
-5
Suppose -p + 0 + 10 = 0. Let l = 9 - p. Let f(h) = 6*h + 1. What is f(l)?
-5
Let d(h) = -h - 7. Let b(i) = i + 1. Let s(c) = 3*b(c) + d(c). Suppose 3*u + 4*z = 7, -3*u = 2*u - 2*z - 3. Suppose -4*v + 15 + u = 0. Determine s(v).
4
Let o(i) = i**2 + 10*i + 11. Let m be o(-9). Let p(y) = -y**3 + 4*y**2 + 2*y - 1. Determine p(m).
11
Let b(r) = 5*r - 3 - 2 - 2*r**2 + 5 - 2. Determine b(3).
-5
Let f(i) be the third derivative of -1/12*i**4 - 1/60*i**5 + 0*i**3 + 0*i - 4*i**2 + 0. Let n be f(-2). Let r(t) = t**3 - t - 13. Calculate r(n).
-13
Suppose -l + 3 = -0*l. Let d(w) = 1 + 3*w**2 - 4*w**3 + 5*w**l - 2*w - 3*w**3. Calculate d(2).
-7
Let f be (21/12)/(2/(-8)). Let m(o) = o**2 + 6*o - 1. Give m(f).
6
Let f(y) = -8 + 11*y + 11 - 4. Let q(v) = -v + 8. Let z be q(6). Suppose z*j = -0 + 2. Calculate f(j).
10
Suppose 2*n - 2 = 4*f + 4*n, -23 = f - 4*n. Let y(o) be the third derivative of -o**6/120 - o**5/30 + o**4/6 + o**3/6 + 18*o**2. Calculate y(f).
-2
Let v(q) be the second derivative of q**5/60 - q**4/3 - 4*q**3/3 - 7*q. Let y(t) be the second derivative of v(t). Determine y(6).
4
Let r be (-5)/35 - 58/(-14). Let u = -2 + r. Let j(k) = -k + 2*k - 2*k**2 - 1 + 2*k. Calculate j(u).
-3
Let m(w) = -w**3 + 4*w**2 - 2*w + 4. Suppose 0 = -t + 3*t. Let g = t + -3. Let o be -3 - (-10 + (0 - g)). What is m(o)?
-4
Let j = -7 + 2. Let l(x) = -7*x**3 - 11*x**2 + 7*x + 2. Let z(p) = -p**3 - p**2 + p. Let k be ((-2)/(-4))/((-3)/6). Let i(g) = k*l(g) + 6*z(g). Determine i(j).
3
Suppose 4 = -4*v - 12. Let f = 7 + v. Suppose 3*o = -2*q + 7, 2*q + 4 = o + f*q. Let s(l) = -5*l - 1. Determine s(o).
4
Let w be 6/2 - (-42)/(-7). Let u be (0/(w + 5))/(-2). Suppose -4*h + 25 = -p, -p - 5*h + 10 + 10 = u. Let t(x) = x**3 + 5*x**2 + x + 5. Determine t(p).
0
Let c = 19 - 7. Suppose 5*v - 23 = 17. Suppose v*u - 5*u - c = 0, 4*k + 5*u - 28 = 0. Let f(t) = -t**3 + t - 2. Determine f(k).
-8
Suppose 0*l - 30 = 5*l. Let f(w) = w**3 + 6*w**2 + 6*w + 2. What is f(l)?
-34
Let j(b) = 2*b**2 + 2*b + 3. Suppose -12 = 4*q - 4. Calculate j(q).
7
Let i(f) = -3*f**2 + 7*f - 6. Let n(r) = -r**2 + 3*r - 3. Let x(y) = 2*i(y) - 5*n(y). Let o(k) = -k**3 - 36*k**2 + 36*k - 40. Let v be o(-37). Give x(v).
-3
Let a(v) = -3*v - 1. Let t be a(2). Let x = t - -6. Let h(k) = k**2 + 1. Let g(n) = n**3 + 4*n**2 + n + 13. Let u(l) = x*g(l) + 3*h(l). Calculate u(0).
-10
Let g(t) be the second derivative of -t**7/2520 + t**6/144 + t**5/20 + t**4/4 + 4*t. Let h(l) be the third derivative of g(l). Give h(5).
6
Let f(x) = x - 1. Let d be 3*(-4)/8*-2. Give f(d).
2
Let n(b) = -b**3 - 5*b**2 - 4*b + 5. Suppose 0 = -4*p - 12 + 32. Suppose z - 11 = -0*o - p*o, 3*o = 9. Determine n(z).
5
Suppose 16 = v + 13. Let b(d) = d**3 - 2*d**2 - 3*d + 3. Determine b(v).
3
Let o(m) = m**3 - 6*m**2 + 5*m + 2. Suppose 0 = -4*j + 4*a + 52, 2*a - 10 - 14 = -3*j. Let x be 52/j + 3/(-15). Calculate o(x).
2
Let r(u) = 4*u**3 + 8*u**2 + 4*u + 3. Let k(m) = -11*m**3 - 23*m**2 - 12*m - 10. Let s(y) = 3*k(y) + 8*r(y). Determine s(-5).
14
Let t = -11 - -11. Suppose t = s + s + 4. Let r(c) be the third derivative of c**6/60 + c**5/20 + c**4/24 - c**3/3 - c**2. Determine r(s).
-8
Let o = -62 - -88. Suppose -4 = 5*m + o. Let t(s) = -s**3 - 7*s**2 - 6*s + 5. Give t(m).
5
Let l(d) = d**3 + d. Let w(n) = -n**2 - 2*n + 6. Let x(c) = l(c) + w(c). Suppose 0 = 2*o - 7*o. Calculate x(o).
6
Let o be (-3)/(0 + (-9)/(-6)). Let g = o + 5. Let l be ((-2)/6 - 0)*g. Let y(i) = i + 1. Determine y(l).
0
Let v(w) = -2*w + 8. Let r be (1/(-5))/(-1) - (-494)/130. Give v(r).
0
Let s(l) be the second derivative of -l**4/6 - l**3 - l**2/2 + 16*l. Let c = 3 - 7. Give s(c).
-9
Let n(y) = -y**3 - y**2 + 4*y + 2. Let r be n(2). Let d(g) = -2*g**3 - g**2 + 2*g + 3. What is d(r)?
11
Suppose 5*r - 25 = -5*q, r + 3*q = -0*r - 1. Let g = r + -8. Let z(w) = w**3 - w**2 + w - 5. Determine z(g).
-5
Let o(v) be the third derivative of v**4/24 - 5*v**3/6 + 2*v**2 + 6*v. Calculate o(0).
-5
Let l(y) = y**3 - 3*y + 2. Let g(u) = -u**2 - 6*u - 3. Let w be g(-5). Calculate l(w).
4
Let x(f) be the first derivative of -f**3/3 + 7*f**2/2 + 2*f - 33. Calculate x(6).
8
Suppose 4*d + 3*y = 24, 8 = 3*d + 2*y - 9. Let b(j) = -4*j - 12 + 7 - d + 7. What is b(-1)?
3
Let u = -5 + 7. Let g = 5 - 3. Let v(z) = -2*z + 2 - z**g + 3*z**2 - z**u. Calculate v(2).
2
Let s(u) be the second derivative of -u**3/6 - 5*u**2/2 + 4*u. Give s(-6).
1
Let t(h) = -h**3 + h**2 + h - 1. Let g(o) = -2*o**3 - 3*o**2 + o + 2. Let w(p) = -g(p) + t(p). Let c be -1 - (6/3 + 0). Calculate w(c).
6
Let x(d) = 13*d - 13*d + 6*d. Calculate x(-3).
-18
Let l(b) be the second derivative of -b**4/12 - 2*b**3/3 + 6*b**2 - b + 30. Calculate l(-5).
7
Let y(h) = -51*h + 27. Let m(u) = -4*u + 2. Let l(w) = -27*m(w) + 2*y(w). Give l(1).
6
Let j(a) = -2*a - 6. Suppose 0*o = -4*o + 80. Let f be -6*-1*(0 - -1). Suppose -x = -f*x - o. Calculate j(x).
2
Let k(g) = -g - 2. Let d = 13 + -10. What is k(d)?
-5
Let q(v) = -4*v - v**3 + 6 + 6*v**2 + 3*v - 5*v. Let o = 34 - 29. Determine q(o).
1
Let w(p) = 2*p + 1. Suppose b = -4*q - 50, 0 = -4*q + 2*b + 10 - 54. Let f be ((-20)/q)/(-5)*-6. Determine w(f).
5
Let l(g) = -g**3 - g**2 + 5*g + 3. Let m = 32 - 23. Let z = m - 14. Let p = z - -2. Calculate l(p).
6
Let x(s) = -2 - 2 - 2 - 4*s + 6*s. What is x(6)?
6
Let g = 39 + -32. Let r(j) = -j**2 + 8*j - 6. Determine r(g).
1
Let t be 5*(36/48 + (-14)/8). Let s(j) = -4*j**2 - j**3 + 0*j + 2*j + 2 + 2*j. Give s(t).
7
Let p(n) = n**2 - 3*n + 3. Suppose 5*w = 2*z + 3 + 3, -4*z = -8. Suppose 0 = -7*o + w*o + 20. Determine p(o).
7
Let d(v) be the second derivative of -v**3/3 - 3*v**2 + 2*v. Calculate d(-6).
6
Let w(o) = o**2 + 1. Suppose 3*n = -4*b + 29, n + 5 = -4*b + 20. Suppose -n*x + 2*x = 5. Give w(x).
2
Let i(h) = h**2 - h + 1. Let j be i(2). Let r(k) = -k + 11. Let t be r(9). Let l(z) = -1 - t*z + 3*z + 5. What is l(j)?
7
Let x(y) = -y**2 + 9*y + 12. Let v be x(10). Let j be (2/(-6))/(2/(-246)). Let i(t) = j*t + 0*t**v + t**2 - 4 - 39*t. Determine i(-3).
-1
Suppose 2*q = -1 + 3. Let b(n) = -8*n**3 + n**2 + 3*n + 3. Let m(r) = 9*r**3 - r**2 - 4*r - 4. Let g(p) = 4*b(p) + 3*m(p). What is g(q)?
-4
Let c(v) = -v**2 - 8*v + 5. Let h(z) = -2*z + 17. Let u be h(13). Calculate c(u).
-4
Suppose -10*t = -18*t - 8. Let l(g) = -g**3 - 2*g**2 - 2*g - 1. Calculate l(t).
0
Suppose -15*l + 20*l + 8 = -a, 4*l + 4 = 0. Let s(m) = m**2 + 5*m + 5. Let k be s(-4). Let d(u) = u**2 - 4 + 4 + u + k. Determine d(a).
7
Let d(a) = -2*a + 1 + 3*a - 2*a. Let s be 0 + 2 - 0/(-4). Let j be 4/16*2*s. Calculate d(j).
0
Let m = 5 + -7. Let q(b) = -b + 2*b - 1 + b + 2*b**2. Calculate q(m).
3
Let b(y) = 7*y**3 + 5*y**2 - 5*y - 1. Let g(o) = o**3 + o**2 - o. Let f(h) = b(h) - 6*g(h). Let l be f(0). Let v(u) = -7*u - 1. Determine v(l).
6
Let x(k) = k**2 + 2*k - 55. Let v be x(7). Let r(n) = -n**2 + 10*n - 3. Calculate r(v).
13
Let a(x) = 11*x**2 + 2*x - 23. Let n(o) = -5*o**2 - o + 11. Let y(g) = 6*a(g) + 13*n(g). Suppose h + 4*u - 16 = 0, 5 = -5*h - 2*u + 13. What is y(h)?
5
Let g(m) = 4*m - m - 2*m**2 + 2 + 4*m**2 + 2. Let d(j) = 5*j**2 + 9*j + 11. Let k(z) = -3*d(z) + 8*g(z). Give k(3).
-1
Suppose -2*h - 20 = 2*h - 3*d, 16 = 4*d. Let c(k) be the first derivative of -k**2 - 3*k - 1. Determine c(h).
1
Let t(s) = 4*s - 12*s + 3 - 1 - 5*s. What is t(2)?
-24
Suppose 0 = 5*j - 23 - 2. Let z(w) = -w**2 + w. Let s(g) = 4*g**2 - 8*g + 1. Let d(b) = b**2 + 6*b + 3. Let r be d(-6). Let y(o) = r*z(o) + s(o). What is y(j)?
1
Let p(a) = -a**2 - 4*a - 1. Let z(n) = 5*n**2 - 5*n - 4. Let h be z(-3). Suppose -2*s + 6*s - h = 0. Let c = 10 - s. What is p(c)?
-1
Let c(l) be the third derivative of l**6/120 + l**5/12 - l**4/12 + 2*l**3/3 + 10*l**2. Let j be (2 + (-3)/1)*5. Calculate c(j).
14
Let u(x) = x**2 + 7*x + 7. Let b be u(-6). Let r be (0 - b) + 4 - -21. Suppose -2*l + l - 9 = 4*v, 5*l - 3*v - r = 0. Let a(k) = k - 6. Calculate a(l).
-3
Let m(r) be the third derivative of r**5/60 + r**4/3 - r**3/6 + 35*r**2. Give m(-8).
-1
Suppose -5*z + 2 + 13 = 0. Let p(m) be the second derivative of 1/4*m**4 - 1/20*m**5 + 2*m + 0 + 0*m**2 - 1/3*m**3. Determine p(z).
-6
Let u(j) = -2*j - j + 0*j + 1. Suppose 4*o + 0 = -5*q + 7, -3*o - 3*q + 3 = 